 when 65317 is divided by 21714?
175
What is the remainder when 2284407 is divided by 2644?
2635
What is the remainder when 42259 is divided by 39708?
2551
What is the remainder when 631743322 is divided by 7089?
7087
What is the remainder when 167090 is divided by 15520?
11890
Calculate the remainder when 1934096 is divided by 293.
3
Calculate the remainder when 39962692 is divided by 131890.
22
Calculate the remainder when 35896717 is divided by 80.
77
What is the remainder when 83499 is divided by 27605?
684
What is the remainder when 19648334 is divided by 6549407?
113
What is the remainder when 5022870 is divided by 3173?
11
Calculate the remainder when 3798442 is divided by 6795.
37
What is the remainder when 6183420 is divided by 176666?
110
What is the remainder when 17765 is divided by 14191?
3574
What is the remainder when 130466 is divided by 2526?
1640
What is the remainder when 20675061 is divided by 1227?
111
Calculate the remainder when 2090951 is divided by 39.
5
Calculate the remainder when 63045864 is divided by 63045847.
17
What is the remainder when 420628 is divided by 84091?
173
Calculate the remainder when 62207893 is divided by 219.
67
Calculate the remainder when 21345 is divided by 26.
25
What is the remainder when 28481 is divided by 597?
422
Calculate the remainder when 23069 is divided by 5741.
105
Calculate the remainder when 76284 is divided by 15051.
1029
What is the remainder when 3580425 is divided by 265?
10
Calculate the remainder when 278669 is divided by 6787.
402
Calculate the remainder when 19653249 is divided by 25.
24
What is the remainder when 2254728 is divided by 888?
96
Calculate the remainder when 1154562 is divided by 72145.
242
Calculate the remainder when 87850 is divided by 163.
156
Calculate the remainder when 430377 is divided by 49.
10
What is the remainder when 1086365 is divided by 184?
29
What is the remainder when 70758379 is divided by 32?
11
Calculate the remainder when 26641678 is divided by 130.
128
What is the remainder when 298429 is divided by 3354?
3277
Calculate the remainder when 146260 is divided by 5560.
1700
Calculate the remainder when 3509489 is divided by 79761.
5
What is the remainder when 10372519 is divided by 1728735?
109
What is the remainder when 444840 is divided by 8236?
96
What is the remainder when 11769315 is divided by 112088?
75
Calculate the remainder when 93748 is divided by 3108.
508
What is the remainder when 926156023 is divided by 15?
13
Calculate the remainder when 3208614 is divided by 62.
52
What is the remainder when 424310 is divided by 16319?
16
Calculate the remainder when 6059064 is divided by 624.
24
What is the remainder when 7535720 is divided by 2150?
2120
Calculate the remainder when 3804431 is divided by 161.
1
What is the remainder when 182094860 is divided by 483?
479
What is the remainder when 15146 is divided by 7252?
642
Calculate the remainder when 32929339 is divided by 16464649.
41
Calculate the remainder when 7454730 is divided by 42117.
21
What is the remainder when 6751145 is divided by 11580?
5
What is the remainder when 8532 is divided by 1302?
720
What is the remainder when 77445 is divided by 2493?
162
What is the remainder when 1428272 is divided by 1603?
1602
Calculate the remainder when 2922816 is divided by 893.
27
Calculate the remainder when 4419343 is divided by 16.
15
What is the remainder when 6548786 is divided by 406?
6
Calculate the remainder when 1290778 is divided by 1831.
1754
What is the remainder when 351510066 is divided by 9147?
3
What is the remainder when 136543 is divided by 27219?
448
Calculate the remainder when 2844054 is divided by 158002.
18
What is the remainder when 5663149 is divided by 2684?
2593
Calculate the remainder when 218348 is divided by 837.
728
Calculate the remainder when 6361610 is divided by 1172.
1166
What is the remainder when 694370 is divided by 745?
30
What is the remainder when 380471761 is divided by 116?
113
Calculate the remainder when 4335326 is divided by 137.
98
Calculate the remainder when 9252813 is divided by 320.
13
Calculate the remainder when 1714115 is divided by 166.
165
What is the remainder when 12309694 is divided by 288?
286
What is the remainder when 56656 is divided by 235?
21
Calculate the remainder when 6156159 is divided by 243.
240
Calculate the remainder when 127419010 is divided by 252.
250
What is the remainder when 31745935 is divided by 187?
67
What is the remainder when 1920593 is divided by 29?
10
Calculate the remainder when 542461 is divided by 1910.
21
What is the remainder when 378015344 is divided by 1347?
1346
Calculate the remainder when 4442209 is divided by 341677.
408
Calculate the remainder when 39949 is divided by 1924.
1469
Calculate the remainder when 17648683 is divided by 157.
156
Calculate the remainder when 148986 is divided by 9929.
51
What is the remainder when 542839 is divided by 4980?
19
Calculate the remainder when 7045439 is divided by 2348406.
221
What is the remainder when 532710 is divided by 264?
222
Calculate the remainder when 1088797 is divided by 94.
89
Calculate the remainder when 24561171 is divided by 6264.
27
What is the remainder when 71512 is divided by 2737?
350
Calculate the remainder when 15239249 is divided by 45.
44
What is the remainder when 1355770 is divided by 69?
58
What is the remainder when 32536741 is divided by 797?
13
What is the remainder when 3356401 is divided by 202?
171
Calculate the remainder when 436160 is divided by 144939.
1343
What is the remainder when 820889 is divided by 273628?
5
What is the remainder when 1176799 is divided by 3871?
15
Calculate the remainder when 12705803 is divided by 352.
11
Calculate the remainder when 4898700 is divided by 78.
66
What is the remainder when 8200004 is divided by 36?
32
What is the remainder when 601421 is divided by 49916?
2429
What is the remainder when 853047 is divided by 5963?
338
Calculate the remainder when 775101 is divided by 36909.
12
Calculate the remainder when 3416661 is divided by 186.
27
What is the remainder when 25468211 is divided by 301?
300
What is the remainder when 1547139 is divided by 550?
539
Calculate the remainder when 4801071 is divided by 436.
275
What is the remainder when 2114652 is divided by 125?
27
Calculate the remainder when 391912 is divided by 3265.
112
What is the remainder when 9265978 is divided by 91?
85
Calculate the remainder when 920467887 is divided by 823.
820
What is the remainder when 618 is divided by 232?
154
What is the remainder when 1533033 is divided by 306184?
2113
What is the remainder when 40984138 is divided by 285?
283
What is the remainder when 424140 is divided by 12470?
160
Calculate the remainder when 45447829 is divided by 321.
7
What is the remainder when 2556443 is divided by 170415?
218
What is the remainder when 108564972 is divided by 266?
264
What is the remainder when 13648 is divided by 3164?
992
What is the remainder when 141934 is divided by 9976?
2270
Calculate the remainder when 51646926 is divided by 432.
30
Calculate the remainder when 7087779 is divided by 32217.
39
Calculate the remainder when 750812 is divided by 59.
37
Calculate the remainder when 52824 is divided by 4740.
684
Calculate the remainder when 2734301 is divided by 10127.
11
What is the remainder when 1259431 is divided by 1259399?
32
Calculate the remainder when 9929 is divided by 1085.
164
Calculate the remainder when 241451 is divided by 239499.
1952
What is the remainder when 425206 is divided by 13286?
54
Calculate the remainder when 159217174 is divided by 31.
27
Calculate the remainder when 75114790 is divided by 3342.
3340
Calculate the remainder when 70367089 is divided by 17896.
17
Calculate the remainder when 151938 is divided by 1192.
554
Calculate the remainder when 1239725 is divided by 42749.
4
Calculate the remainder when 398017 is divided by 253.
48
What is the remainder when 12197 is divided by 1957?
455
What is the remainder when 943041 is divided by 1577?
1572
What is the remainder when 416447 is divided by 2755?
442
Calculate the remainder when 691649 is divided by 524.
493
What is the remainder when 1886001 is divided by 2000?
1
What is the remainder when 533349 is divid